d**2 - 5*d - 5. Let s be h(-6). Let v = 97 - s. Calculate the highest common factor of v and t.
36
Suppose -4*b - 16 = 0, -5*d + 0*b - b = -14016. Let k = d + -1474. Suppose -k = -12*h - 106. Calculate the highest common divisor of 17 and h.
17
Let o be ((-3)/2)/(1062/(-3540)). Calculate the highest common factor of o and 28.
1
Let k(q) = q**3 + 7*q**2 + 10*q + 4. Suppose 2*b + 2*h + 7 = 3*h, 0 = 5*b + 4*h + 24. Let m be k(b). Calculate the highest common divisor of 84 and m.
12
Let j(h) be the second derivative of -h**4/12 - 2*h**3/3 + 13*h**2/2 - 2*h + 72. Let v be j(-5). Calculate the greatest common factor of v and 256.
8
Let n = 20 + -17. Suppose 0 = -3*z - 2*t + 8, -2*t - 3 = -3*z + t. Suppose 0 = 5*a + 10, -z*d + 3*d - 2*a = 6. Calculate the highest common divisor of d and n.
1
Suppose -2*g + 320 = -4*g + 18*g. Calculate the greatest common factor of g and 640.
20
Let n = -180 - -115. Let d = 70 + n. Suppose b + b = -q + 131, -4*b = -2*q - 258. What is the highest common factor of d and b?
5
Suppose -3*y - 26 = -j, 3*j = -5*y + 7*y + 64. Calculate the highest common divisor of 16840 and j.
20
Let b = 179 - 175. Suppose -b*u = 4*u - 144. Calculate the greatest common divisor of 144 and u.
18
Suppose 4*u - 156 = 4*h, 0 = -4*u - h + 108 + 73. Let x be (3 - 2) + 11/(u/1744). Calculate the greatest common factor of 23 and x.
23
Let r(c) = 2*c**3 + 114*c**2 - 128*c - 206. Let q be r(-58). What is the greatest common factor of 30 and q?
10
Suppose 6*c - 5*c = 4*u - 542, -5*u - 3*c = -669. Calculate the greatest common divisor of u and 285.
15
Suppose -19*b = -5*q + 231, -5*b + 44 + 11 = q. Calculate the highest common divisor of 296 and q.
2
Let i(b) = -30*b + 1540. Let a be i(49). What is the greatest common divisor of a and 3990?
70
Let n(j) be the second derivative of j**5/10 - 11*j**4/6 - j**3/6 + 19*j**2/2 - 248*j. Let g be n(11). Calculate the highest common factor of g and 16.
8
Suppose 0 = -3*a + 2*g + 262, -2*a + 7*a - 4*g - 440 = 0. Let d = 77 - a. Let z be (d - -7)/8 + 16/1. Calculate the greatest common factor of z and 40.
8
Let t be 5/(-25)*-39 - 1/(-5). Let d be 1 - 2*82*t/(-8). Suppose -66 - d = -2*b - 5*c, -3*b + 2*c = -375. What is the greatest common divisor of b and 41?
41
Let a = 185 + -127. Suppose 60*j - 26 = a*j. Calculate the greatest common factor of j and 39.
13
Let f(n) = n + 13. Let h(v) = -v**2 - 25*v - 13. Let p be h(-24). Suppose -166 = p*c - 56. Let r be f(c). What is the greatest common divisor of 24 and r?
3
Suppose -2*y + 112 = -y. Let v = 3993 - 3969. Calculate the greatest common factor of y and v.
8
Let f = -437 - -523. Let u be (86/6)/(4/12 + 0). What is the greatest common factor of f and u?
43
Suppose -4*g = -54 - 290. Let j be -2*(1548/(-8))/(-9)*-1. Calculate the greatest common factor of j and g.
43
Let g(h) = -175*h - 452. Let a be g(-29). What is the greatest common factor of 402 and a?
201
Let n = -15012 - -15144. What is the greatest common factor of n and 715?
11
Let h = 7 - 6. Suppose -115*k - 294 = -869. What is the highest common divisor of h and k?
1
Suppose -66*a = 972 + 14802. Let k = a - -247. What is the highest common factor of k and 10?
2
Let p = -63 - -99. Suppose -2*u = 26 - p. Suppose 3*f - 12 = -f, 3*d - 327 = u*f. Calculate the highest common factor of 6 and d.
6
Suppose 0 = -2*c + 3*k - 1, -3*c = k - 4 - 22. Suppose -c*t + 5 + 2 = 0. Let a(l) = 8*l + 3. Let g be a(t). What is the greatest common factor of 77 and g?
11
Suppose 5 + 0 = 5*s. Suppose -4*u - 5205 = 11*u. Let c = 348 + u. What is the highest common divisor of c and s?
1
Let h = -177 - -184. Suppose 4*t = h*f - 5*f - 334, 2*f + 3*t - 327 = 0. What is the highest common divisor of f and 99?
33
Let o = -12431 + 12482. What is the greatest common divisor of o and 15861?
51
Suppose -x + 6*x = 11*x. Suppose x = -k - 11*k + 168. Calculate the highest common factor of k and 266.
14
Suppose -7926*v + 41076 = -7905*v. Calculate the highest common divisor of v and 300.
12
Let t be 1 + (-1 - -44 - (-13 - -17)). What is the greatest common factor of 900 and t?
20
Let m be 4/38 - (-5)/(855/(-786))*-30. What is the highest common factor of m and 6486?
138
Let i(y) = 84*y + 31. Let l be i(-3). Let f = l + 336. Calculate the highest common factor of f and 5.
5
Suppose 0 = -4*a + 77 + 91. Let m be 148/28 - 12/a. Suppose -5*n + 5*t = -90, -4*n + m*t = -5 - 71. What is the greatest common divisor of n and 28?
14
Let u(n) = n**3 - 24*n**2 + 57*n + 149. Let s be u(22). Calculate the greatest common divisor of s and 1131.
87
Let u(l) = -10*l + 226. Let q be u(10). Let b(p) = -p**2 + 21*p + 14. Let r be b(21). Calculate the highest common divisor of r and q.
14
Suppose 126 = 5*r - p, -3*r - 5*p = -4 - 94. Let h be 3124/30 + 20/(-150) - 0. Suppose -9*o = -8*o - h. Calculate the highest common factor of o and r.
26
Suppose -17*t + 288 - 5354 = 0. Let z = 307 + t. What is the highest common factor of z and 117?
9
Suppose 11*j = 8*j - m + 217, 0 = -4*j + 3*m + 272. Calculate the greatest common factor of j and 2.
1
Let n = 11653 + -11598. Suppose q - 2*q + 54 = 0. Let v = 87 - q. What is the highest common factor of v and n?
11
Let d(p) = -p**2 + 24*p - 32. Let x be d(6). What is the greatest common factor of x and 2413?
19
Suppose -177*o + 196*o = -57. Let r(w) = 6*w - 3. Let j be r(4). Let c be (35/j)/(o/(-27)). Calculate the greatest common divisor of 3 and c.
3
Let v(j) = 10*j - 160. Suppose -54*n = -47*n - 154. Let r be v(n). Calculate the highest common factor of r and 48.
12
Let r be -7*(-10)/105*18. Let t = -35 - -65. What is the greatest common divisor of r and t?
6
Let k = -720 - -722. Suppose 4*r + 752 = k*h, 0*r + 3*r = -5*h + 1854. Calculate the greatest common divisor of h and 62.
62
Let s(z) = -5*z**3 - 9*z**2 - 19*z - 27. Let i be s(-4). What is the highest common divisor of i and 6?
3
Let g(s) = -s**3 - 5*s**2 - 17*s - 45. Let x be g(-4). Suppose i = 5*w - 32, x*i = -w + 4*i. Calculate the highest common factor of w and 174.
6
Let v(k) = -832*k**3 + 3*k**2 - 15*k - 16. Let y be v(-1). Calculate the highest common factor of y and 21.
3
Let n = -10 + 14. Let d be (-7 - -14) + 4*2/n. Let l be d/6*34/3. Calculate the greatest common factor of 51 and l.
17
Suppose 15 = 21*t - 48. Suppose 0 = -t*x + 445 - 358. Calculate the greatest common factor of 3 and x.
1
Let u be -5 + 2484 + -3 + 2. Let y be u/30 + 15/(-25). Calculate the highest common factor of 205 and y.
41
Let c be (-115)/(-2) - (20/8 + -2). Let r = c - 55. Suppose -z + 21 = j + r*z, 2*j = z + 63. What is the greatest common divisor of 5 and j?
5
Let u = 146 + 46. Suppose 10*r - 4*r - u = 0. Suppose 18 = 2*b + 2*w, 5*b + 2*w - 1 = 29. What is the highest common factor of r and b?
4
Let r(h) = 18*h + 84. Let w be r(-23). Let q = -252 - w. What is the greatest common factor of q and 273?
39
Let c = -7361 + 8831. What is the highest common divisor of c and 126?
42
Suppose -377 = -44*o - 69. Suppose -2*i + 123 = -143. What is the greatest common divisor of i and o?
7
Suppose 86 = -p + 2*p + 4*k, 2*p - 2*k - 142 = 0. Let m(n) = -n**3 + 14*n**2 - 18*n + 20. Let y be m(11). What is the greatest common divisor of y and p?
37
Let n = -43 + 53. Let c = -8 + 27. Suppose -l + c = 3*m, 4*m + 72 = 4*l - 36. Calculate the highest common factor of n and l.
5
Suppose 53*o + 12*o = 382525. What is the greatest common divisor of 22 and o?
11
Suppose 125*z + 15624 = 170999. Calculate the highest common factor of z and 565.
113
Let b(f) = f**3 - 14*f**2 - 3*f + 48. Let x be b(14). What is the greatest common factor of 1074 and x?
6
Suppose -o = 4*s - 2362, -24*o - s = -34*o + 23579. What is the greatest common divisor of o and 9?
9
Let d(u) = 2*u**3 + 85*u**2 + 85*u + 114. Let r be d(-41). What is the greatest common factor of r and 88?
88
Let l = -72 + 108. Let g(j) = j**3 + 3*j**2 - 6*j - 6. Let i be g(-3). Suppose -i*d = -7*d - 45. What is the greatest common divisor of l and d?
9
Suppose -327*r - 180 = -330*r. What is the greatest common divisor of r and 5820?
60
Suppose -4*x = -3*k - 245, x - 3*k = 25 + 34. Suppose 2*g - 4*f - 1468 = -2*g, -4*f = 5*g - 1880. Calculate the highest common factor of x and g.
62
Let w(f) = 6*f**3 - 7*f**2 + 6*f - 3. Let j be w(5). Suppose 36*u = -2534 + 563